{"id":7874,"date":"2023-11-09T23:52:17","date_gmt":"2023-11-09T23:52:17","guid":{"rendered":"https:\/\/pasioniguazu.com\/?post_type=product&#038;p=7874"},"modified":"2024-09-28T17:00:34","modified_gmt":"2024-09-28T17:00:34","slug":"porta-objetos-pasion-iguazu-cataratas-del-iguazu-mariposa-88-blanco","status":"publish","type":"product","link":"https:\/\/pasioniguazu.com\/?product=porta-objetos-pasion-iguazu-cataratas-del-iguazu-mariposa-88-blanco","title":{"rendered":"Porta Objetos Pasi\u00f3n Iguaz\u00fa Cataratas del Iguaz\u00fa &#8211; Mariposa 88 Blanco"},"content":{"rendered":"","protected":false},"excerpt":{"rendered":"<p data-pm-slice=\"1 1 []\">Porta Objetos con cierre: confeccionado con tela cordura y Neopreno. La producci\u00f3n del producto demora 21 d\u00edas en ser realizado.<\/p>\n","protected":false},"featured_media":7875,"comment_status":"open","ping_status":"closed","template":"","meta":{"_joinchat":[]},"product_brand":[],"product_cat":[110],"product_tag":[63,62,108,111],"class_list":{"0":"post-7874","1":"product","2":"type-product","3":"status-publish","4":"has-post-thumbnail","6":"product_cat-porta-objetos","7":"product_tag-bolsos","8":"product_tag-mochilas","9":"product_tag-monederos","10":"product_tag-porta-objetos","11":"wooma_product_brands-pasion-iguazu","12":"nt-post-class","13":"","19":"first","20":"onbackorder","21":"featured","22":"taxable","23":"shipping-taxable","24":"purchasable","25":"product-type-simple"},"_links":{"self":[{"href":"https:\/\/pasioniguazu.com\/index.php?rest_route=\/wp\/v2\/product\/7874","targetHints":{"allow":["GET"]}}],"collection":[{"href":"https:\/\/pasioniguazu.com\/index.php?rest_route=\/wp\/v2\/product"}],"about":[{"href":"https:\/\/pasioniguazu.com\/index.php?rest_route=\/wp\/v2\/types\/product"}],"replies":[{"embeddable":true,"href":"https:\/\/pasioniguazu.com\/index.php?rest_route=%2Fwp%2Fv2%2Fcomments&post=7874"}],"version-history":[{"count":3,"href":"https:\/\/pasioniguazu.com\/index.php?rest_route=\/wp\/v2\/product\/7874\/revisions"}],"predecessor-version":[{"id":8040,"href":"https:\/\/pasioniguazu.com\/index.php?rest_route=\/wp\/v2\/product\/7874\/revisions\/8040"}],"wp:featuredmedia":[{"embeddable":true,"href":"https:\/\/pasioniguazu.com\/index.php?rest_route=\/wp\/v2\/media\/7875"}],"wp:attachment":[{"href":"https:\/\/pasioniguazu.com\/index.php?rest_route=%2Fwp%2Fv2%2Fmedia&parent=7874"}],"wp:term":[{"taxonomy":"product_brand","embeddable":true,"href":"https:\/\/pasioniguazu.com\/index.php?rest_route=%2Fwp%2Fv2%2Fproduct_brand&post=7874"},{"taxonomy":"product_cat","embeddable":true,"href":"https:\/\/pasioniguazu.com\/index.php?rest_route=%2Fwp%2Fv2%2Fproduct_cat&post=7874"},{"taxonomy":"product_tag","embeddable":true,"href":"https:\/\/pasioniguazu.com\/index.php?rest_route=%2Fwp%2Fv2%2Fproduct_tag&post=7874"}],"curies":[{"name":"wp","href":"https:\/\/api.w.org\/{rel}","templated":true}]}}